ist the prime factors of 78964.
2, 19, 1039
What are the prime factors of 692?
2, 173
What are the prime factors of 47464?
2, 17, 349
What are the prime factors of 946?
2, 11, 43
What are the prime factors of 178844?
2, 44711
What are the prime factors of 1226?
2, 613
List the prime factors of 7976.
2, 997
What are the prime factors of 2257?
37, 61
What are the prime factors of 1074?
2, 3, 179
What are the prime factors of 14872?
2, 11, 13
List the prime factors of 16743.
3, 5581
What are the prime factors of 3574?
2, 1787
What are the prime factors of 3531?
3, 11, 107
List the prime factors of 4093.
4093
What are the prime factors of 4034?
2, 2017
What are the prime factors of 457?
457
What are the prime factors of 3240?
2, 3, 5
List the prime factors of 8791.
59, 149
List the prime factors of 19947.
3, 61, 109
List the prime factors of 3007.
31, 97
What are the prime factors of 1103?
1103
What are the prime factors of 727?
727
List the prime factors of 1764.
2, 3, 7
List the prime factors of 27577.
11, 23, 109
What are the prime factors of 7052?
2, 41, 43
List the prime factors of 1961.
37, 53
What are the prime factors of 1559?
1559
What are the prime factors of 15334?
2, 11, 17, 41
List the prime factors of 912.
2, 3, 19
List the prime factors of 1240.
2, 5, 31
What are the prime factors of 2186?
2, 1093
What are the prime factors of 1195?
5, 239
List the prime factors of 7153.
23, 311
What are the prime factors of 32455?
5, 6491
List the prime factors of 46740.
2, 3, 5, 19, 41
What are the prime factors of 4392?
2, 3, 61
What are the prime factors of 691?
691
List the prime factors of 2535.
3, 5, 13
List the prime factors of 20177.
20177
List the prime factors of 1075.
5, 43
What are the prime factors of 945?
3, 5, 7
What are the prime factors of 22841?
7, 13, 251
What are the prime factors of 10494?
2, 3, 11, 53
What are the prime factors of 20308?
2, 5077
What are the prime factors of 2315?
5, 463
List the prime factors of 210.
2, 3, 5, 7
What are the prime factors of 21603?
3, 19, 379
List the prime factors of 32502.
2, 3, 5417
List the prime factors of 14334.
2, 3, 2389
What are the prime factors of 1047?
3, 349
What are the prime factors of 11758?
2, 5879
What are the prime factors of 5262?
2, 3, 877
What are the prime factors of 4768?
2, 149
What are the prime factors of 4072?
2, 509
List the prime factors of 14891.
14891
What are the prime factors of 12290?
2, 5, 1229
What are the prime factors of 2751?
3, 7, 131
What are the prime factors of 2336?
2, 73
What are the prime factors of 1470?
2, 3, 5, 7
What are the prime factors of 26056?
2, 3257
List the prime factors of 9892.
2, 2473
What are the prime factors of 3028?
2, 757
What are the prime factors of 38163?
3, 12721
What are the prime factors of 407?
11, 37
List the prime factors of 2112.
2, 3, 11
List the prime factors of 10621.
13, 19, 43
List the prime factors of 3544.
2, 443
What are the prime factors of 7790?
2, 5, 19, 41
List the prime factors of 2580.
2, 3, 5, 43
What are the prime factors of 6566?
2, 7, 67
What are the prime factors of 490?
2, 5, 7
List the prime factors of 4148.
2, 17, 61
What are the prime factors of 72378?
2, 3, 4021
List the prime factors of 23555.
5, 7, 673
What are the prime factors of 54744?
2, 3, 2281
List the prime factors of 1739.
37, 47
List the prime factors of 17615.
5, 13, 271
List the prime factors of 9394.
2, 7, 11, 61
List the prime factors of 140186.
2, 29, 2417
What are the prime factors of 53588?
2, 13397
List the prime factors of 1433.
1433
List the prime factors of 5425.
5, 7, 31
What are the prime factors of 106?
2, 53
What are the prime factors of 25799?
25799
What are the prime factors of 3227?
7, 461
List the prime factors of 36096.
2, 3, 47
List the prime factors of 1037.
17, 61
List the prime factors of 1487.
1487
What are the prime factors of 1318?
2, 659
List the prime factors of 5616.
2, 3, 13
What are the prime factors of 4963?
7, 709
List the prime factors of 10771.
10771
List the prime factors of 8908.
2, 17, 131
What are the prime factors of 792?
2, 3, 11
What are the prime factors of 12540?
2, 3, 5, 11, 19
What are the prime factors of 3787?
7, 541
What are the prime factors of 715?
5, 11, 13
List the prime factors of 7390.
2, 5, 739
List the prime factors of 1256.
2, 157
List the prime factors of 18854.
2, 11, 857
List the prime factors of 10591.
7, 17, 89
List the prime factors of 34581.
3, 11527
What are the prime factors of 4706?
2, 13, 181
What are the prime factors of 6451?
6451
List the prime factors of 7000.
2, 5, 7
List the prime factors of 2224.
2, 139
What are the prime factors of 1528?
2, 191
What are the prime factors of 8857?
17, 521
What are the prime factors of 66547?
13, 5119
List the prime factors of 227.
227
List the prime factors of 8699.
8699
What are the prime factors of 13588?
2, 43, 79
What are the prime factors of 64884?
2, 3, 5407
List the prime factors of 1513.
17, 89
What are the prime factors of 4733?
4733
What are the prime factors of 7024?
2, 439
List the prime factors of 28571.
28571
List the prime factors of 7041.
3, 2347
List the prime factors of 56754.
2, 3, 1051
List the prime factors of 3126.
2, 3, 521
What are the prime factors of 1140?
2, 3, 5, 19
List the prime factors of 3489.
3, 1163
What are the prime factors of 1266?
2, 3, 211
What are the prime factors of 198309?
3, 66103
What are the prime factors of 63715?
5, 12743
What are the prime factors of 3720?
2, 3, 5, 31
List the prime factors of 16438.
2, 8219
What are the prime factors of 613?
613
List the prime factors of 70848.
2, 3, 41
List the prime factors of 1922.
2, 31
List the prime factors of 145476.
2, 3, 449
List the prime factors of 22785.
3, 5, 7, 31
What are the prime factors of 8119?
23, 353
List the prime factors of 4375.
5, 7
What are the prime factors of 145772?
2, 11, 3313
List the prime factors of 117773.
117773
List the prime factors of 3331.
3331
List the prime factors of 46752.
2, 3, 487
List the prime factors of 1432.
2, 179
List the prime factors of 77967.
3, 8663
What are the prime factors of 609?
3, 7, 29
What are the prime factors of 893?
19, 47
What are the prime factors of 1659?
3, 7, 79
List the prime factors of 708.
2, 3, 59
What are the prime factors of 7391?
19, 389
What are the prime factors of 1310?
2, 5, 131
List the prime factors of 107517.
3, 35839
What are the prime factors of 178?
2, 89
List the prime factors of 7119.
3, 7, 113
What are the prime factors of 142582?
2, 11, 6481
List the prime factors of 26628.
2, 3, 7, 317
List the prime factors of 21475.
5, 859
What are the prime factors of 1390?
2, 5, 139
What are the prime factors of 928?
2, 29
List the prime factors of 3203.
3203
List the prime factors of 1101.
3, 367
List the prime factors of 5142.
2, 3, 857
What are the prime factors of 24335?
5, 31, 157
List the prime factors of 6096.
2, 3, 127
What are the prime factors of 889?
7, 127
What are the prime factors of 6419?
7, 131
List the prime factors of 179.
179
List the prime factors of 887.
887
List the prime factors of 812.
2, 7, 29
What are the prime factors of 2780?
2, 5, 139
List the prime factors of 69497.
69497
List the prime factors of 66913.
7, 11, 79
List the prime factors of 45984.
2, 3, 479
What are the prime factors of 10021?
11, 911
What are the prime factors of 3269?
7, 467
List the prime factors of 53415.
3, 5, 1187
What are the prime factors of 2597?
7, 53
List the prime factors of 34622.
2, 7, 2473
List the prime factors of 9146.
2, 17, 269
What are the prime factors of 125381?
19, 6599
List the prime factors of 34.
2, 17
List the prime factors of 13151.
13151
List the prime factors of 21659.
11, 179
What are the prime factors of 16156?
2, 7, 577
What are the prime factors of 52706?
2, 19, 73
What are the prime factors of 21675?
3, 5, 17
List the prime factors of 1149.
3, 383
List the prime factors of 10941.
3, 7, 521
What are the prime factors of 18434?
2, 13, 709
List the prime factors of 139796.
2, 34949
List the prime factors of 3433.
3433
What are the prime factors of 45712?
2, 2857
List the prime factors of 15299.
15299
What are the prime factors of 1748?
2, 19, 23
List the prime factors of 91876.
2, 103, 223
What are the prime factors of 2754?
2, 3, 1